*g - 1976. Determine j(118).
30
Let f(x) = x**3 - 23*x**2 + 83*x - 107. Calculate f(20).
353
Let a(z) = -7*z**3 + 1472*z**2 - 1882*z + 177. What is a(209)?
-32
Let i(p) = p**3 - 50*p**2 + 586*p + 168. Give i(20).
-112
Let q(j) = -j**3 - 1274*j**2 - 165678*j - 1315. Give q(-147).
8
Let h(j) = -480463*j - 1441393. What is h(-3)?
-4
Let x(z) = 3*z**3 + 22*z**2 + 113*z + 4. What is x(-6)?
-530
Let b(q) = 35066*q - 596143. Calculate b(17).
-21
Let o(d) = 6*d**3 - 34*d**2 - 16*d - 20. What is o(4)?
-244
Let a(u) = 2103*u + 46231. What is a(-21)?
2068
Let k(y) = 7792*y - 1441527. Calculate k(185).
-7
Let x(n) = -4*n**3 - 63*n**2 + 28*n + 261. Calculate x(-16).
69
Let t(f) = f**3 - 47*f**2 - 47*f - 138. What is t(48)?
-90
Let w(m) = m**3 + 152*m**2 - 416*m + 84137. Determine w(-158).
81
Let f(p) = p**3 + 34*p**2 - 109*p - 1197. Calculate f(-36).
135
Let h(g) = -g**3 - 19*g**2 + 195*g + 37. Give h(11).
-1448
Let j(c) = -125701*c + 1508410. Determine j(12).
-2
Let h(y) = y**3 - 31*y**2 - 47*y - 639. Calculate h(33).
-12
Let c(p) = -2*p**3 + 36*p**2 + 617*p + 2002. Determine c(-5).
67
Let l(r) = -r**3 - 86*r**2 + 839*r - 1518. What is l(-95)?
2
Let p(i) = 1336*i - 33981. Calculate p(23).
-3253
Let m(y) = 932*y - 28733. Calculate m(31).
159
Let z(f) = -92*f**2 + 62716*f + 81950. Determine z(683).
-10
Let k(c) = c**3 - 15*c**2 - 185*c + 1142. Calculate k(19).
-929
Let h(r) = -r**3 + 59*r**2 + 2216*r + 6087. Calculate h(-3).
-3
Let w(b) = 45*b**3 - 3604*b**2 + 318*b + 280. Determine w(80).
120
Let w(c) = -2*c**3 - 132*c**2 - 2079*c + 35. Determine w(-32).
-3069
Let c(h) = -7*h**2 + 3065*h - 74926. Give c(412).
-354
Let a(h) = -h**3 - 3*h**2 - 33*h - 3294. What is a(0)?
-3294
Let q(c) = 3*c**2 + 4310*c - 52154. Determine q(12).
-2
Let x(y) = -20*y**2 + 14*y - 26. Give x(2).
-78
Let f(w) = -w**3 - 6*w**2 - 33*w + 538. Calculate f(7).
-330
Let s(h) = -101*h**3 - 8780*h**2 + 600*h - 758. What is s(-87)?
25
Let b(c) = -1881*c - 72659. What is b(-38)?
-1181
Let p(u) = -4*u**3 - 10*u**2 + 1486*u + 2976. Give p(-2).
-4
Let n(g) = -5*g**3 - 694*g**2 + 839*g - 144. Determine n(-140).
-4
Let b(x) = -x**3 - 78*x**2 + 53*x - 2082. What is b(-79)?
-28
Let p(u) = -2*u**2 - 86298*u - 1638941. Calculate p(-19).
-1
Let u(b) = 2*b**3 + 111*b**2 + 1300*b - 159. Determine u(-17).
-6
Let w(p) = -p**3 - 48*p**2 + 5979*p + 283215. Determine w(-47).
-7
Let d(r) = -2*r**3 - 24*r**2 - 961*r - 10356. Calculate d(-11).
-27
Let y(s) = -s**2 - 88*s - 1196. Calculate y(-27).
451
Let y(c) = -2*c**3 - 26*c**2 + 449*c + 3128. Calculate y(-6).
-70
Let q(s) = s**3 + 12*s**2 + 75*s + 334. What is q(-6)?
100
Let m(s) = -s**3 + 132*s**2 + 136*s - 482. Determine m(133).
-83
Let r(s) = -s**3 - 78*s**2 - 1422*s - 253. Give r(-52).
3387
Let f(q) = -1965*q - 6691. Determine f(-4).
1169
Let l(r) = -5*r**3 + 138*r**2 + 211*r - 304. Give l(29).
-72
Let j(s) = -117*s**2 + 914*s - 76. Determine j(8).
-252
Let b(u) = 24306*u + 583331. Determine b(-24).
-13
Let m(o) = -o**3 + 4*o**2 + 1778*o - 98. Calculate m(0).
-98
Let w(i) = -308*i + 24256. What is w(80)?
-384
Let s(t) = 2414*t + 348. Calculate s(-1).
-2066
Let k(p) = -10*p**2 - 11*p + 39. Calculate k(-8).
-513
Let r(y) = -4*y**2 - 121*y + 67. Calculate r(7).
-976
Let u(w) = 80*w**3 + 3365*w**2 + 209*w - 39. Give u(-42).
3
Let c(t) = 34*t**3 + 5*t**2 + 1596*t - 1600. Determine c(1).
35
Let n(y) = y**3 + 353*y**2 + 1428*y + 11173. Determine n(-349).
5
Let a(x) = 5*x**3 - 985*x**2 - 6*x + 1080. What is a(197)?
-102
Let x(b) = -58*b**3 - 7193*b**2 - 119*b + 93. Calculate x(-124).
-527
Let y(a) = a**3 - 9*a**2 - 5*a - 1. What is y(9)?
-46
Let j(n) = -7*n**2 - 1917*n - 17249. Determine j(-9).
-563
Let u(x) = -x**3 - 178*x**2 + 1100*x + 28. Calculate u(6).
4
Let h(p) = -p**3 - 43*p**2 - 1662*p - 15471. Determine h(-12).
9
Let z(b) = -14*b**2 + 16*b - 108. Calculate z(2).
-132
Let x(a) = -718*a + 258452. Calculate x(360).
-28
Let s(d) = 16*d**2 - 1775*d - 1912. Give s(112).
-8
Let o(t) = 456*t - 5975. Give o(14).
409
Let x(j) = 454878*j - 2274286. Give x(5).
104
Let v(h) = 139*h**3 - 6*h**2 + 126*h + 129. What is v(-1)?
-142
Let u(g) = -25*g**3 + 3*g**2 + 11747*g - 35259. What is u(3)?
-666
Let x(b) = 197*b + 22645. What is x(-115)?
-10
Let h(x) = -x**2 + 910*x + 45031. What is h(-47)?
52
Let a(m) = 521*m + 54181. Calculate a(-104).
-3
Let b(q) = -3315*q - 248615. What is b(-75)?
10
Let x(b) = -b**3 - 450*b**2 - 442*b + 3201. Calculate x(-449).
58
Let y(o) = -5313*o + 185583. Determine y(35).
-372
Let s(r) = r**3 - 8*r**2 + 287*r + 2661. Determine s(-7).
-83
Let h(b) = b**3 - 18*b**2 - 12*b + 47. Calculate h(19).
180
Let q(h) = 2*h**2 - 374005*h + 1495986. Calculate q(4).
-2
Let t(q) = -2997*q + 78121. Determine t(26).
199
Let n(r) = 124*r**2 + 6300*r - 27187. Determine n(4).
-3
Let b(c) = -c**3 - 10*c**2 - 55426*c - 498747. Calculate b(-9).
6
Let v(p) = 221*p - 41340. Determine v(183).
-897
Let b(v) = 7*v**3 + 29*v**2 + 821*v + 2397. Determine b(-3).
6
Let x(c) = -3*c**2 - 61*c + 1173. Calculate x(-39).
-1011
Let a(u) = -u**3 - 182*u**2 - 218*u - 6671. Determine a(-181).
26
Let o(x) = x**3 - 219*x**2 + 800*x + 13379. Determine o(215).
479
Let l(v) = -v**2 + 833*v - 26328. What is l(33)?
72
Let r(v) = 6727*v + 1015767. Give r(-151).
-10
Let h(i) = 87*i + 14163. What is h(-162)?
69
Let j(f) = 18433*f - 4405491. What is j(239)?
-4
Let i(t) = -4*t**2 - 2059*t + 47466. Give i(22).
232
Let x(y) = 65*y**3 + 48*y**2 - 60*y + 14. Determine x(1).
67
Let k(w) = -655*w - 9872. Determine k(-15).
-47
Let v(j) = -4784*j + 148155. Determine v(31).
-149
Let o(m) = -50*m - 3385. Calculate o(-66).
-85
Let v(h) = 861*h + 333817. What is v(-388)?
-251
Let c(r) = -r**3 - 99*r**2 - 301*r - 276. Give c(-96).
972
Let z(q) = 3*q**2 + 754*q + 1042. What is z(-251)?
791
Let j(x) = -162*x**2 - 203*x - 206. What is j(-1)?
-165
Let l(v) = -866299*v + 4331492. Calculate l(5).
-3
Let p(g) = g**2 + 156*g + 2247. Determine p(-141).
132
Let c(k) = -1676*k + 52013. Give c(31).
57
Let s(k) = 2*k**2 - 63*k + 5351. Give s(37).
5758
Let i(f) = -4*f**2 - 64739*f - 776296. Give i(-12).
-4
Let t(i) = 321*i + 2117. Determine t(-5).
512
Let t(p) = -88*p**3 + 85*p**2 - 280*p + 94. Give t(3).
-2357
Let f(v) = v**3 + 39*v**2 - 499*v - 74. Calculate f(-49).
367
Let d(v) = -v**3 + 193*v**2 + 5487*v + 918. Calculate d(-25).
-7
Let d(k) = -10174*k + 3418519. Determine d(336).
55
Let c(f) = f**3 + 6*f**2 + 885*f - 9. Give c(0).
-9
Let f(w) = -2660*w - 63847. Determine f(-24).
-7
Let v(z) = -37*z**3 - 4659*z**2 + 382*z + 434. Give v(-126).
-70
Let g(n) = -n**3 + 352*n**2 - 1792*n + 19839. What is g(347)?
60
Let t(r) = -r**3 + 148*r**2 + 1006*r - 12627. Calculate t(154).
1
Let r(l) = 2368*l - 28630. What is r(14)?
4522
Let u(f) = -f**2 + 254*f + 17688. What is u(-57)?
-39
Let k(c) = -c**3 - 124*c**2 - 6*c - 750. Determine k(-124).
-6
Let q(r) = -21432*r + 621462. Determine q(29).
-66
Let v(t) = 421*t**2 + 34074*t - 2175. What is v(-81)?
12
Let u(k) = -1182*k + 32099. What is u(27)?
185
Let g(i) = 6665847*i + 53326778. Determine g(-8).
2
Let n(l) = l**3 - 31166*l**2 + 186945*l + 2. Determine n(6).
-88
Let c(a) = 189*a + 3318. Determine c(-18).
-84
Let u(k) = -136*k + 12628. Calculate u(84).
1204
Let q(v) = v**2 + 5*v - 32. Calculate q(4).
4
Let z(a) = 3916*a - 93959. Determine z(24).
25
Let z(l) = 1686*l - 107810. Calculate z(61).
-4964
Let k(b) = -9195*b - 110334. What is k(-12)?
6
Let o(r) = r**3 - 1273*r**2 + 45729*r + 110. Calculate o(37).
-1
Let j(f) = -126*f**2 + 18*f - 214. What is j(0)?
-214
Let d(y) = -16*y**2 - 127*y + 408. Give d(-10).
78
Let l(p) = -p**2 - 15527*p + 124216. What is l(8)?
-64
Let t(h) = -h**3 + 11*h**2 - 1255*h + 15201. Determine t(12).
-3
Let t(q) = -13*q**3 + 6*q**2 + 1624*q + 1624. Determine t(-1).
19
Let x(r) = r**2 - 984*r - 45220. What is x(-44)?
12
Let j(k) = -7882*k - 39418. Give j(-5).
-8
Let q(v) = -v**2 - 113217*v + 1811735. What is q(16)?
7
Let m(s) = 54*s**2 - 2639*s - 67. Calculate m(49).
276
Let l(d) = 3*d**2 + 611*d + 17252. Give l(-171).
494
Let f(x) = -16164*x + 32544. Give f(2).
216
Let y(z) = -z**3 - 16*z**2 + 1833*z + 24323. Calculate y(-13).
-13
Let s(w) = 2*w**3 - 162*w**2 - 318*w - 1150. Determine s(83).
12
Let d(y) = 2102*y + 56787. What is d(-27)?
33
Let y(c)